 factor of b?
False
Suppose 0*d = 2*d - 4. Suppose d*z = 2*p - p - 22, -p = 3*z - 7. Is p a multiple of 7?
False
Does 15 divide (-7)/(14/(-45))*2?
True
Let j(l) = 2*l**2 + 2 - 3 + 6*l**3 + 0*l**2 + 0*l**2. Is j(1) a multiple of 3?
False
Is 7 a factor of (10/20)/((-1)/(-14))?
True
Suppose 2*j + 2*o = 5*j - 2, 0 = 5*j + 2*o - 30. Suppose 0 = j*p - 6*p + 132. Suppose 0*b + p = 3*b. Is 11 a factor of b?
True
Let j(z) be the first derivative of 2 + 1/4*z**4 + 1/2*z**2 - 2*z + 2*z**3. Is j(-4) a multiple of 13?
True
Suppose 12*y - 657 = 3*y. Is 38 a factor of y?
False
Let r = 3 + 4. Does 7 divide r?
True
Suppose 4*j = 508 - 124. Does 8 divide j?
True
Let g be (2 + -2)/(1 + -2). Suppose g*w + w = -1. Is (-1)/(w - 56/(-58)) a multiple of 26?
False
Let v = -1052 - -449. Let x be (-4)/(-14) - v/21. Suppose 4*h - 3*i - x = 0, 2*i = 3*h + 5*i - 48. Is 5 a factor of h?
False
Is 23 a factor of 1 - (-2)/((-4)/6) - -25?
True
Suppose 0 = -2*j + 8*j - 1098. Is 34 a factor of j?
False
Let o(c) = c**3 + c**2 + 19. Let d = 10 + -10. Does 7 divide o(d)?
False
Let h = 11 + -7. Suppose -3*s + 2*f = -7, -5*f = -4*s - h + 18. Does 11 divide s - (-15 + (2 - 3))?
False
Let p be 12/12 - 9*-1. Let d = p - -12. Does 11 divide d?
True
Let z(u) = -u**3 - 5*u**2 - 6*u. Does 10 divide z(-5)?
True
Let k(f) = -f**2 + 4*f - 4. Let v be k(3). Let n = 2 + 2. Is 4 a factor of (v/2)/(n/(-48))?
False
Suppose -2*s = -s - 75. Let o = 109 - s. Suppose r + 6 = o. Does 14 divide r?
True
Suppose 442 = 5*r - 2*s + 5*s, 4*r - 5*s - 361 = 0. Does 5 divide r?
False
Suppose -6*v - 2*v = -432. Does 6 divide v?
True
Let q = -324 + 482. Is q a multiple of 47?
False
Let t(a) = -2 + 3*a + 2. Let v be t(1). Let y = 16 - v. Is y a multiple of 6?
False
Let t = -152 + 362. Is 30 a factor of t?
True
Suppose 0 = -5*v + v + 132. Is 10 a factor of v?
False
Does 9 divide ((6*12)/4)/(4/2)?
True
Let c(t) = 7*t - 4. Let q be c(5). Suppose -g + 5*m + 32 = -0, 0 = 3*g - 2*m - q. Does 5 divide g?
False
Suppose -5*v + 3*a + 159 = -2*v, -41 = -v - 2*a. Is 7 a factor of v?
True
Suppose -u + 9 = -4*o - 3, 2*u = -4*o - 36. Let z(f) = -3*f - 1. Let i(a) = -4*a - 2. Let v(q) = 4*i(q) - 5*z(q). Is v(u) a multiple of 2?
False
Let q(y) = y**3 + 12*y**2 - 18*y - 17. Is 9 a factor of q(-13)?
False
Suppose 8*f = 4*f + 8. Let g be (16/10)/((-4)/(-10)). Suppose -u + 113 = f*m - 0*u, -m = -g*u - 34. Is m a multiple of 18?
True
Let n(w) = w**3 - 9*w**2 + 11*w - 18. Is 4 a factor of n(8)?
False
Let y(t) = 18*t**2 - t + 1. Let r = -6 - -7. Is 9 a factor of y(r)?
True
Suppose 5*q = -3*s + 2*q + 222, 3*q - 150 = -2*s. Suppose s = 4*o - 3*l, 2*l = -2*o + l + 26. Does 12 divide o?
False
Suppose -2*f + 308 = 2*f. Is 16 a factor of f?
False
Let w(u) = -u**3 - u**2 + 6. Suppose 0*a - 3*a = 0. Let d be w(a). Suppose -d*p + p + 35 = 0. Does 7 divide p?
True
Let x(j) = j + 9. Let q be x(6). Let n = -8 + q. Is 7 a factor of n?
True
Let m be (4 - -1)*1*1. Suppose 0*b + 2*b = 8. Suppose 0 = -v + b*s - 13 + 4, -m*s + 41 = 3*v. Is 3 a factor of v?
False
Let k(p) be the first derivative of -p**4/12 + 3*p**3/2 - 9*p**2/2 + p - 2. Let i(q) be the first derivative of k(q). Is i(6) a multiple of 9?
True
Let f = -14 + 146. Is f a multiple of 33?
True
Let b = 9 + -8. Is (b - 2)/((-2)/122) a multiple of 21?
False
Let k = -30 + 60. Is 9 a factor of k?
False
Let u(z) = 7*z**2 - 2*z + 1. Let b be u(1). Suppose -76 = -5*o - b. Does 7 divide o?
True
Suppose 3*w - 10 = w, -40 = -5*x - 5*w. Is 4 a factor of 1 + 6/x - -6?
False
Suppose 3*w - 1320 = -3*w. Does 22 divide w?
True
Let a be (-2)/(-1) + 1 + -5. Let y be a/4 - 9/6. Let n(u) = -u**3 + u**2 + u + 1. Is n(y) a multiple of 11?
True
Let y be -1 + (-1 - 1 - -5). Let h(c) = 50*c - 1. Is h(y) a multiple of 33?
True
Let b(p) = 2*p**2 - 4*p + 1. Is b(4) a multiple of 13?
False
Let d = -3 + 144. Is d a multiple of 29?
False
Suppose 0*f - 4*f = -3*w + 29, -3*f - 15 = 0. Suppose -44 = -4*d - w*n, -5*n + 40 = 4*d - n. Is 11 a factor of d?
False
Suppose 6*f - 144 = 5*f. Is 8 a factor of f?
True
Let l = -5 - -7. Suppose l = 3*d - 31. Does 3 divide d?
False
Let z = -6 + 16. Is z a multiple of 3?
False
Suppose 15 = -5*m - 0*m. Is m + (31 - 3/(-3)) a multiple of 11?
False
Let c be (-6)/8 + (-14)/(-8). Let q be c + (-3)/6*-74. Suppose q = 3*j - 3*p + 5*p, 3*j - 4*p - 68 = 0. Is j a multiple of 8?
True
Let p be 3*(-3)/(-6)*2. Suppose p*o + o = 100. Does 9 divide o?
False
Let d(f) = -2*f - 3*f - 4 - f**2 - 2*f. Let m be d(-6). Suppose 0 = -m*r + q + 89, -5*r + 2*q + 208 = -14. Does 19 divide r?
False
Let j(r) be the third derivative of r**5/60 + 5*r**4/8 - 7*r**3/6 - 4*r**2. Let t be j(-8). Let c = 105 + t. Does 21 divide c?
True
Suppose 0 = -3*m + 3*i + 6, 4*m + 5*i = 5*m + 10. Let l = 0 - m. Let r = l - -9. Does 2 divide r?
True
Let j be 6/4*(-132)/(-9). Let y = -12 + j. Is y a multiple of 10?
True
Let m be -4 - (-2 - (1 + -4)). Let w be (8 + m)/((-6)/(-8)). Does 9 divide (-62)/(-3) - w/(-12)?
False
Suppose 0 = h - 5*h + 120. Does 7 divide h?
False
Suppose -18*v = -10*v - 160. Is v a multiple of 4?
True
Let x = 8 + -5. Let l = x - 0. Is 2 a factor of 15/9 - (-1)/l?
True
Let o(q) = -q**2 - q + 3. Let k be o(-4). Let y = 25 + k. Let m = y + -11. Is 5 a factor of m?
True
Suppose 5*y + 1271 = -4*m, -5*y - 138 = 2*m + 485. Let b = 172 + m. Does 14 divide ((-3)/2)/(6/b)?
False
Suppose -3*y + 93 = 3*h, -171 = 3*h - 8*h + 3*y. Suppose -3*z = -h - 9. Does 14 divide z?
True
Let h(d) = -6*d + 0*d**2 + 3*d**2 + 6 - d. Does 13 divide h(5)?
False
Is 22 a factor of (-710)/(-6) - 9/(108/(-8))?
False
Let s(c) = c**2 + c - 3. Does 8 divide s(-6)?
False
Let h = 21 - 14. Suppose 1 = -t + h. Is t a multiple of 3?
True
Suppose v - 293 + 22 = 5*l, 0 = -5*l - 20. Is 45 a factor of v?
False
Is -1 - (-351)/(7 + -4) a multiple of 29?
True
Suppose 87 = 3*y - 0*c - c, 4*y - 2*c - 114 = 0. Is 6 a factor of y?
True
Suppose 1418 = -i + 6*i - 4*t, -1141 = -4*i + t. Does 22 divide i?
True
Let r = -1 - 0. Let v(s) = -17*s**3 - 6 + 7 - 2 - 2*s. Is v(r) a multiple of 9?
True
Let l = -10 - -4. Let o(r) = 2*r**2 + 9*r + 1. Is 12 a factor of o(l)?
False
Is 36 a factor of (2/(-4))/(9/(-648))?
True
Let b(x) = x**2 - x + 27. Is b(0) a multiple of 9?
True
Suppose 0*a - 45 = 5*a. Suppose 3*f + 338 = 5*f. Does 8 divide f/9 - 2/a?
False
Let p = 227 + -135. Does 21 divide p?
False
Let b be 10/8 + (-2)/8. Is 10 a factor of -2 + 2 - (-31 + b)?
True
Suppose 0 = 2*q + 8*q - 130. Is 3 a factor of q?
False
Suppose -9*y = -5*y - 12. Suppose -i - y*i + 104 = 0. Is 13 a factor of i?
True
Let d = 80 + -38. Does 16 divide d?
False
Suppose 5*i - 396 = -i. Does 11 divide i?
True
Let u = 598 + -388. Does 5 divide u?
True
Let u(p) be the first derivative of -p**2/2 - 4*p + 5. Is u(-6) even?
True
Suppose 5*g + x - 530 = 0, -x + 10 = x. Let f = g - 67. Is f a multiple of 20?
False
Let p be 11/3 - (-10)/(-15). Let i be ((-41)/2)/(p/(-6)). Suppose y - 5*q = i, 165 = 4*y + 5*q + 26. Does 15 divide y?
False
Suppose -180 = -3*c - c - o, 0 = 4*c + 5*o - 180. Suppose 4*d = -2*w + 108, 11 = 2*d + 2*w - c. Is d a multiple of 9?
False
Suppose 0 = 7*s - 2*s - 60. Does 4 divide s?
True
Let b = 4 + -1. Let m(v) = v**3 - 6*v**2 + 5*v + 2. Let c be m(5). Suppose 5*s - 5*g - 9 = 11, b*s = -c*g + 7. Is 2 a factor of s?
False
Is 26 a factor of (-41)/2*(-18 + 16)?
False
Suppose -5*f - 4 = 6, 3*d + 13 = f. Suppose 13 - 1 = -m - 4*o, -2*m + 5*o = 50. Let u = d - m. Does 15 divide u?
True
Let s(f) be the first derivative of f**3/3 - 3*f**2 - f + 4. Let a be s(9). Suppose -2*l + 4 = -a. Is 13 a factor of l?
False
Suppose 8*d + 4*f = 3*d + 16, 0 = 3*f + 3. Suppose 5*l - d*p = -p + 120, 0 = -2*l - p + 37. Is 19 a factor of l?
False
Let a be 0*(2 - 6/4). Suppose 0 = -u - y - y - 8, a = -2*y + 4. Does 20 divide ((-15)/u)/((-1)/(-16))?
True
Suppose 0 = -3*b - 5*x + 304, -5*b = 2*x + 40 - 515. Is b a multiple of 5?
False
Suppose -3 - 45 = k - 3*o, 0 = -5*o + 20. Let g = -16 - k. Is g a multiple of 20?
True
Does 10 divide 2862/24 - 3/12?
False
Suppose 4*z + 0*b = 5*b + 39, -42 = -4*z + 2*b. Let i(l) = l**2 - 5*l - 10. Is 14 a factor of i(z)?
True
Suppose -40 + 24 = -b. Does 3 divide b?
False
Let w(f) = -14*f**2 - 1. Let o be w(1). Is -69*(-2 - o/9) a multiple of 8?
False
Let t = 99 - 15. Suppose -2*i + t = i. Doe